{"id":11,"date":"2020-06-10T12:58:21","date_gmt":"2020-06-10T12:58:21","guid":{"rendered":"https:\/\/adanaimarinsaat.com.tr\/?page_id=11"},"modified":"2025-02-07T08:36:40","modified_gmt":"2025-02-07T06:36:40","slug":"home","status":"publish","type":"page","link":"https:\/\/adanaimarinsaat.com.tr\/","title":{"rendered":"Home"},"content":{"rendered":"<div data-colibri-id=\"11-c1\" class=\"style-563 style-local-11-c1 position-relative\">\n  <!---->\n  <div data-colibri-component=\"section\" data-colibri-id=\"11-c2\" id=\"overlappable\" class=\"h-section h-section-global-spacing d-flex align-items-lg-center align-items-md-center align-items-center style-579 style-local-11-c2 position-relative\">\n    <!---->\n    <!---->\n    <div class=\"h-section-grid-container h-section-boxed-container\">\n      <!---->\n      <div data-colibri-id=\"11-c3\" class=\"h-row-container gutters-row-lg-0 gutters-row-md-0 gutters-row-2 gutters-row-v-lg-0 gutters-row-v-md-0 gutters-row-v-2 style-580 style-local-11-c3 position-relative\">\n        <!---->\n        <div class=\"h-row justify-content-lg-center justify-content-md-center justify-content-center align-items-lg-stretch align-items-md-stretch align-items-stretch gutters-col-lg-0 gutters-col-md-0 gutters-col-2 gutters-col-v-lg-0 gutters-col-v-md-0 gutters-col-v-2\">\n          <!---->\n          <div class=\"h-column h-column-container d-flex h-col-lg-auto h-col-md-auto h-col-auto style-581-outer style-local-11-c4-outer\">\n            <div data-colibri-id=\"11-c4\" class=\"d-flex h-flex-basis h-column__inner h-px-lg-3 h-px-md-3 h-px-2 v-inner-lg-3 v-inner-md-3 v-inner-2 style-581 style-local-11-c4 position-relative\">\n              <!---->\n              <!---->\n              <div class=\"w-100 h-y-container h-column__content h-column__v-align flex-basis-100 align-self-lg-start align-self-md-start align-self-start\">\n                <!---->\n                <div data-colibri-id=\"11-c5\" class=\"h-icon style-582 style-local-11-c5 position-relative h-element\">\n                  <!---->\n                  <a href=\"https:\/\/www.adanaparkmetre.com\/\" target=\"_blank\" h-use-smooth-scroll=\"true\" rel=\"noopener\"><span class=\"h-svg-icon h-icon__icon style-582-icon style-local-11-c5-icon\"><!--Icon by Font Awesome (https:\/\/fontawesome.com)-->\n    <svg version=\"1.1\" xmlns=\"http:\/\/www.w3.org\/2000\/svg\" xmlns:xlink=\"http:\/\/www.w3.org\/1999\/xlink\" id=\"product-hunt\" viewBox=\"0 0 1792 1896.0833\">\n      <path d=\"M1150 762q0 56-39.5 95t-95.5 39H762V627h253q56 0 95.5 39.5T1150 762zm179 0q0-130-91.5-222T1015 448H582v896h180v-269h253q130 0 222-91.5t92-221.5zm463 134q0 182-71 348t-191 286-286 191-348 71-348-71-286-191-191-286T0 896t71-348 191-286T548 71 896 0t348 71 286 191 191 286 71 348z\"><\/path>\n    <\/svg><\/span><\/a>\n                <\/div>\n                <div data-colibri-id=\"11-c6\" class=\"h-text h-text-component style-584 style-local-11-c6 position-relative h-element\">\n                  <!---->\n                  <!---->\n                  <div class=\"\">\n                    <p>Kent Ara\u00e7 Yo\u011funlu\u011funu D\u00fczenlemek \u0130\u00e7in Kurulmu\u015f Parkmetre Birimimiz.<\/p>\n                  <\/div>\n                <\/div>\n              <\/div>\n            <\/div>\n          <\/div>\n          <div class=\"h-column h-column-container d-flex h-col-lg-auto h-col-md-auto h-col-auto style-587-outer style-local-11-c7-outer\">\n            <div data-colibri-id=\"11-c7\" class=\"d-flex h-flex-basis h-column__inner h-px-lg-3 h-px-md-3 h-px-2 v-inner-lg-3 v-inner-md-3 v-inner-2 style-587 style-local-11-c7 position-relative\">\n              <!---->\n              <!---->\n              <div class=\"w-100 h-y-container h-column__content h-column__v-align flex-basis-100 align-self-lg-start align-self-md-start align-self-start\">\n                <!---->\n                <div data-colibri-id=\"11-c8\" class=\"h-icon style-582 style-local-11-c8 position-relative h-element\">\n                  <!---->\n                  <a href=\"https:\/\/atlatekere.com\/index.html\" target=\"_blank\" h-use-smooth-scroll=\"true\" rel=\"noopener\"><span class=\"h-svg-icon h-icon__icon style-582-icon style-local-11-c8-icon\"><!--Icon by Icons8 Line Awesome (https:\/\/icons8.com\/line-awesome)--><svg version=\"1.1\" xmlns=\"http:\/\/www.w3.org\/2000\/svg\" xmlns:xlink=\"http:\/\/www.w3.org\/1999\/xlink\" id=\"bicycle\" viewBox=\"0 0 512 545.5\"><path d=\"M304 128h88c21.905 0 40 18.095 40 40s-18.095 40-40 40v-32c4.59 0 8-3.41 8-8s-3.41-8-8-8h-49.5l43 98.5c7.227-1.608 14.813-2.5 22.5-2.5 57.127 0 104 46.873 104 104s-46.873 104-104 104-104-46.873-104-104c0-38.247 20.97-71.936 52-90l-10.5-24-78 115-5 7h-55c-4.157 53.563-48.89 96-103.5 96C46.656 464 0 417.344 0 360s46.672-104 104-104c10.625 0 20.84 1.525 30.5 4.5L178 199l5-7h139l-16.5-38-1.5-3v-23zm-176 16h80l16 32h-96v-32zm87.5 80l42 95 64.5-95H215.5zm-28 16l-24 34.5c16.207 11.27 28.787 27.074 36.5 45.5h-36c-12.928-19.28-35.088-32-60-32-39.696 0-72 32.304-72 72s32.304 72 72 72c36.952 0 66.954-28.11 71-64H96v-32h133.5zM408 288c-3.08 0-6.02.622-9 1l31.5 72.5-29 13L369 300c-19.676 12.87-33 34.807-33 60 0 39.673 32.327 72 72 72s72-32.327 72-72-32.327-72-72-72z\"><\/path><\/svg><\/span><\/a>\n                <\/div>\n                <div data-colibri-id=\"11-c9\" class=\"h-text h-text-component style-584 style-local-11-c9 position-relative h-element\">\n                  <!---->\n                  <!---->\n                  <div class=\"\">\n                    <p>Vatanda\u015flar\u0131m\u0131za Sa\u011fl\u0131kl\u0131 Ya\u015fam ve Ula\u015f\u0131m i\u00e7in kurulan Bisiklet Birimimiz.<\/p>\n                  <\/div>\n                <\/div>\n              <\/div>\n            <\/div>\n          <\/div>\n          <div class=\"h-column h-column-container d-flex h-col-lg-auto h-col-md-auto h-col-auto style-581-outer style-local-11-c10-outer\">\n            <div data-colibri-id=\"11-c10\" class=\"d-flex h-flex-basis h-column__inner h-px-lg-3 h-px-md-3 h-px-2 v-inner-lg-3 v-inner-md-3 v-inner-2 style-581 style-local-11-c10 position-relative\">\n              <!---->\n              <!---->\n              <div class=\"w-100 h-y-container h-column__content h-column__v-align flex-basis-100 align-self-lg-start align-self-md-start align-self-start\">\n                <!---->\n                <div data-colibri-id=\"11-c11\" class=\"h-icon style-582 style-local-11-c11 position-relative h-element\">\n                  <!---->\n                  <a href=\"http:\/\/niyetakademi.adana.bel.tr\/payhane\" target=\"_blank\" h-use-smooth-scroll=\"true\" rel=\"noopener\"><span class=\"h-svg-icon h-icon__icon style-582-icon style-local-11-c11-icon\"><!--Icon by Icons8 Line Awesome (https:\/\/icons8.com\/line-awesome)--><svg version=\"1.1\" xmlns=\"http:\/\/www.w3.org\/2000\/svg\" xmlns:xlink=\"http:\/\/www.w3.org\/1999\/xlink\" id=\"cutlery\" viewBox=\"0 0 512 545.5\"><path d=\"M358.5 96l22.5 22.5-73.5 73.5c-6.96 6.96-7.103 14.988-.5 22l85-84.5 22.5 22.5-84.5 85c7.012 6.603 15.04 6.46 22-.5l73.5-73.5 22.5 22.5-72 72-1.5 2c-18.176 18.176-47.968 18.122-66.5.5l-.5-.5h-.5L279 288l18.5 19 146 145.5-23 23L286 341l-28.5 28.5-11 11.5-11.5-11.5-19-18.5L91.5 475.5l-23-23L193 328 92.5 227.5c-28.326-28.326-28.326-74.674 0-103l11.5-11 11.5 11 120 120L256 265l28.5-28c-18.457-18.457-18.457-49.043 0-67.5zm-250 67.5c-5.2 14.16-4.852 29.148 7 41l131 131 17-17z\"><\/path><\/svg><\/span><\/a>\n                <\/div>\n                <div data-colibri-id=\"11-c12\" class=\"h-text h-text-component style-584 style-local-11-c12 position-relative h-element\">\n                  <!---->\n                  <!---->\n                  <div class=\"\">\n                    <p>Kad\u0131nlar\u0131m\u0131z\u0131 G\u00fc\u00e7lendirmek Ad\u0131na Kurulan Payhane Birimimiz.<\/p>\n                  <\/div>\n                <\/div>\n              <\/div>\n            <\/div>\n          <\/div>\n        <\/div>\n      <\/div>\n    <\/div>\n  <\/div>\n<\/div>","protected":false},"excerpt":{"rendered":"<p>Kent Ara\u00e7 Yo\u011funlu\u011funu D\u00fczenlemek \u0130\u00e7in Kurulmu\u015f Parkmetre Birimimiz. Vatanda\u015flar\u0131m\u0131za Sa\u011fl\u0131kl\u0131 Ya\u015fam ve Ula\u015f\u0131m i\u00e7in kurulan Bisiklet Birimimiz. Kad\u0131nlar\u0131m\u0131z\u0131 G\u00fc\u00e7lendirmek Ad\u0131na Kurulan Payhane Birimimiz.<\/p>\n","protected":false},"author":1,"featured_media":0,"parent":0,"menu_order":0,"comment_status":"closed","ping_status":"closed","template":"page-templates\/full-width-page.php","meta":{"_eb_attr":""},"_links":{"self":[{"href":"https:\/\/adanaimarinsaat.com.tr\/index.php?rest_route=\/wp\/v2\/pages\/11"}],"collection":[{"href":"https:\/\/adanaimarinsaat.com.tr\/index.php?rest_route=\/wp\/v2\/pages"}],"about":[{"href":"https:\/\/adanaimarinsaat.com.tr\/index.php?rest_route=\/wp\/v2\/types\/page"}],"author":[{"embeddable":true,"href":"https:\/\/adanaimarinsaat.com.tr\/index.php?rest_route=\/wp\/v2\/users\/1"}],"replies":[{"embeddable":true,"href":"https:\/\/adanaimarinsaat.com.tr\/index.php?rest_route=%2Fwp%2Fv2%2Fcomments&post=11"}],"version-history":[{"count":20,"href":"https:\/\/adanaimarinsaat.com.tr\/index.php?rest_route=\/wp\/v2\/pages\/11\/revisions"}],"predecessor-version":[{"id":1980,"href":"https:\/\/adanaimarinsaat.com.tr\/index.php?rest_route=\/wp\/v2\/pages\/11\/revisions\/1980"}],"wp:attachment":[{"href":"https:\/\/adanaimarinsaat.com.tr\/index.php?rest_route=%2Fwp%2Fv2%2Fmedia&parent=11"}],"curies":[{"name":"wp","href":"https:\/\/api.w.org\/{rel}","templated":true}]}}