{"id":1821,"date":"2023-09-12T14:32:01","date_gmt":"2023-09-12T12:32:01","guid":{"rendered":"https:\/\/adanaimarinsaat.com.tr\/?page_id=1821"},"modified":"2023-09-13T19:35:26","modified_gmt":"2023-09-13T17:35:26","slug":"yeni-projemiz","status":"publish","type":"page","link":"https:\/\/adanaimarinsaat.com.tr\/?page_id=1821","title":{"rendered":"Yeni Kuzey Y\u0131ld\u0131z\u0131 Projemiz"},"content":{"rendered":"\n<div class=\"wp-block-columns has-colibri-color-2-background-color has-background has-small-font-size is-layout-flex wp-container-13\">\n<div class=\"wp-block-column is-layout-flow\">\n<div class=\"wp-block-columns is-layout-flex wp-container-7\">\n<div class=\"wp-block-column has-colibri-color-5-color has-colibri-color-6-background-color has-text-color has-background is-layout-flow\"><div class=\"wp-block-image\">\n<figure class=\"aligncenter size-large is-resized\"><a href=\"https:\/\/adanaimarinsaat.com.tr\/?page_id=901\"><img decoding=\"async\" loading=\"lazy\" src=\"https:\/\/adanaimarinsaat.com.tr\/wp-content\/uploads\/2023\/08\/41-KAT-1-2-1024x1024.png\" alt=\"\" class=\"wp-image-1481\" width=\"288\" height=\"288\" srcset=\"https:\/\/adanaimarinsaat.com.tr\/wp-content\/uploads\/2023\/08\/41-KAT-1-2-1024x1024.png 1024w, https:\/\/adanaimarinsaat.com.tr\/wp-content\/uploads\/2023\/08\/41-KAT-1-2-300x300.png 300w, https:\/\/adanaimarinsaat.com.tr\/wp-content\/uploads\/2023\/08\/41-KAT-1-2-150x150.png 150w, https:\/\/adanaimarinsaat.com.tr\/wp-content\/uploads\/2023\/08\/41-KAT-1-2-768x768.png 768w, https:\/\/adanaimarinsaat.com.tr\/wp-content\/uploads\/2023\/08\/41-KAT-1-2-50x50.png 50w, https:\/\/adanaimarinsaat.com.tr\/wp-content\/uploads\/2023\/08\/41-KAT-1-2.png 1500w\" sizes=\"(max-width: 288px) 100vw, 288px\" \/><\/a><\/figure><\/div>\n\n\n<div class=\"wp-block-columns is-layout-flex wp-container-2\">\n<div class=\"wp-block-column is-vertically-aligned-center is-layout-flow\">\n<p class=\"has-text-align-center\">   <strong>4 + 1 Villalar\u0131m\u0131z\u0131 Detayl\u0131 \u0130ncelemek \u0130\u00e7in G\u00f6rselin \u00dczerine T\u0131klay\u0131n\u0131z<\/strong><\/p>\n<\/div>\n<\/div>\n<\/div>\n\n\n\n<div class=\"wp-block-column has-colibri-color-5-color has-colibri-color-6-background-color has-text-color has-background is-layout-flow\"><div class=\"wp-block-image\">\n<figure class=\"aligncenter size-large is-resized\"><a href=\"https:\/\/adanaimarinsaat.com.tr\/?page_id=1132\"><img decoding=\"async\" loading=\"lazy\" src=\"https:\/\/adanaimarinsaat.com.tr\/wp-content\/uploads\/2023\/04\/21-KAT1-1024x1024.png\" alt=\"\" class=\"wp-image-1177\" width=\"288\" height=\"288\" srcset=\"https:\/\/adanaimarinsaat.com.tr\/wp-content\/uploads\/2023\/04\/21-KAT1-1024x1024.png 1024w, https:\/\/adanaimarinsaat.com.tr\/wp-content\/uploads\/2023\/04\/21-KAT1-300x300.png 300w, https:\/\/adanaimarinsaat.com.tr\/wp-content\/uploads\/2023\/04\/21-KAT1-150x150.png 150w, https:\/\/adanaimarinsaat.com.tr\/wp-content\/uploads\/2023\/04\/21-KAT1-768x768.png 768w, https:\/\/adanaimarinsaat.com.tr\/wp-content\/uploads\/2023\/04\/21-KAT1-50x50.png 50w, https:\/\/adanaimarinsaat.com.tr\/wp-content\/uploads\/2023\/04\/21-KAT1.png 1500w\" sizes=\"(max-width: 288px) 100vw, 288px\" \/><\/a><\/figure><\/div>\n\n\n<div class=\"wp-block-columns is-layout-flex wp-container-5\">\n<div class=\"wp-block-column is-layout-flow\">\n<p class=\"has-text-align-center\">   <strong>2 +1 Villalar\u0131m\u0131z\u0131 Detayl\u0131 \u0130ncelemek \u0130\u00e7in G\u00f6rselin \u00dczerine T\u0131klay\u0131n\u0131z<\/strong><\/p>\n<\/div>\n<\/div>\n<\/div>\n<\/div>\n\n\n\n<div class=\"wp-block-columns are-vertically-aligned-top is-layout-flex wp-container-11\">\n<div class=\"wp-block-column is-vertically-aligned-top is-layout-flow\">\n<div class=\"wp-block-columns is-layout-flex wp-container-9\">\n<div class=\"wp-block-column is-layout-flow\">\n<div class=\"wp-block-essential-blocks-countdown\"><div class=\"eb-parent-wrapper eb-parent-eb-countdown-iw1fjcv \"><div class=\"eb-countdown-iw1fjcv eb-cd-wrapper default\"><div class=\"eb-cd-inner\" blockid=\"eb-countdown-iw1fjcv\" data-deadline-time=\"0\" data-is-evergreen-time=\"false\" data-evergreen-time-hours=\"11\" data-evergreen-time-minutes=\"59\" data-evergreen-recurring=\"false\" data-evergreen-restart-time=\"0\" data-evergreen-deadline-time=\"1695204970280\"><div class=\"box cd-box-day\"><span class=\"eb-cd-digit\">00<\/span><span class=\"eb-cd-label\">Days<\/span><\/div><div class=\"box cd-box-hour\"><span class=\"eb-cd-digit\">00<\/span><span class=\"eb-cd-label\">Hours<\/span><\/div><div class=\"box cd-box-minute\"><span class=\"eb-cd-digit\">00<\/span><span class=\"eb-cd-label\">Minutes<\/span><\/div><div class=\"box cd-box-second\"><span class=\"eb-cd-digit\">00<\/span><span class=\"eb-cd-label\">Seconds<\/span><\/div><\/div><\/div><\/div><\/div>\n<\/div>\n<\/div>\n<\/div>\n<\/div>\n<\/div>\n<\/div>\n","protected":false},"excerpt":{"rendered":"<p>4 + 1 Villalar\u0131m\u0131z\u0131 Detayl\u0131 \u0130ncelemek \u0130\u00e7in G\u00f6rselin \u00dczerine T\u0131klay\u0131n\u0131z 2 +1 Villalar\u0131m\u0131z\u0131 Detayl\u0131 \u0130ncelemek \u0130\u00e7in G\u00f6rselin \u00dczerine T\u0131klay\u0131n\u0131z<\/p>\n","protected":false},"author":2,"featured_media":0,"parent":1132,"menu_order":0,"comment_status":"closed","ping_status":"closed","template":"","meta":{"_eb_attr":""},"_links":{"self":[{"href":"https:\/\/adanaimarinsaat.com.tr\/index.php?rest_route=\/wp\/v2\/pages\/1821"}],"collection":[{"href":"https:\/\/adanaimarinsaat.com.tr\/index.php?rest_route=\/wp\/v2\/pages"}],"about":[{"href":"https:\/\/adanaimarinsaat.com.tr\/index.php?rest_route=\/wp\/v2\/types\/page"}],"author":[{"embeddable":true,"href":"https:\/\/adanaimarinsaat.com.tr\/index.php?rest_route=\/wp\/v2\/users\/2"}],"replies":[{"embeddable":true,"href":"https:\/\/adanaimarinsaat.com.tr\/index.php?rest_route=%2Fwp%2Fv2%2Fcomments&post=1821"}],"version-history":[{"count":15,"href":"https:\/\/adanaimarinsaat.com.tr\/index.php?rest_route=\/wp\/v2\/pages\/1821\/revisions"}],"predecessor-version":[{"id":1951,"href":"https:\/\/adanaimarinsaat.com.tr\/index.php?rest_route=\/wp\/v2\/pages\/1821\/revisions\/1951"}],"up":[{"embeddable":true,"href":"https:\/\/adanaimarinsaat.com.tr\/index.php?rest_route=\/wp\/v2\/pages\/1132"}],"wp:attachment":[{"href":"https:\/\/adanaimarinsaat.com.tr\/index.php?rest_route=%2Fwp%2Fv2%2Fmedia&parent=1821"}],"curies":[{"name":"wp","href":"https:\/\/api.w.org\/{rel}","templated":true}]}}