{"id":832,"date":"2023-04-14T11:54:52","date_gmt":"2023-04-14T09:54:52","guid":{"rendered":"https:\/\/deveciajans.com\/imar2\/?page_id=832"},"modified":"2025-02-06T15:26:45","modified_gmt":"2025-02-06T13:26:45","slug":"kurumsal-sayfa","status":"publish","type":"page","link":"https:\/\/adanaimarinsaat.com.tr\/?page_id=832","title":{"rendered":"Kurumsal"},"content":{"rendered":"\t\t<div data-elementor-type=\"wp-page\" data-elementor-id=\"832\" class=\"elementor elementor-832\">\n\t\t\t\t\t\t\t\t\t<section data-particle_enable=\"false\" data-particle-mobile-disabled=\"false\" class=\"elementor-section elementor-top-section elementor-element elementor-element-68fd5e1 elementor-section-boxed elementor-section-height-default elementor-section-height-default\" data-id=\"68fd5e1\" data-element_type=\"section\">\n\t\t\t\t\t\t<div class=\"elementor-container elementor-column-gap-default\">\n\t\t\t\t\t<div class=\"elementor-column elementor-col-50 elementor-top-column elementor-element elementor-element-ed72d95\" data-id=\"ed72d95\" data-element_type=\"column\">\n\t\t\t<div class=\"elementor-widget-wrap\">\n\t\t\t\t\t\t\t\t\t<\/div>\n\t\t<\/div>\n\t\t\t\t<div class=\"elementor-column elementor-col-50 elementor-top-column elementor-element elementor-element-ed2dd16\" data-id=\"ed2dd16\" data-element_type=\"column\">\n\t\t\t<div class=\"elementor-widget-wrap\">\n\t\t\t\t\t\t\t\t\t<\/div>\n\t\t<\/div>\n\t\t\t\t\t\t\t<\/div>\n\t\t<\/section>\n\t\t<div data-particle_enable=\"false\" data-particle-mobile-disabled=\"false\" class=\"elementor-element elementor-element-343a7da e-con-full e-flex e-con\" data-id=\"343a7da\" data-element_type=\"container\" data-settings=\"{&quot;content_width&quot;:&quot;full&quot;}\">\n\t\t\t\t<div class=\"elementor-element elementor-element-d08bad5 e-n-tabs-mobile elementor-widget elementor-widget-n-tabs\" data-id=\"d08bad5\" data-element_type=\"widget\" data-settings=\"{&quot;horizontal_scroll&quot;:&quot;disable&quot;}\" data-widget_type=\"nested-tabs.default\">\n\t\t\t\t<div class=\"elementor-widget-container\">\n\t\t\t\t\t<div class=\"e-n-tabs\">\n\t\t\t<div class=\"e-n-tabs-heading\" role=\"tablist\">\n\t\t\t\t<div id=\"e-n-tabs-title-2181\" class=\"e-n-tab-title e-normal\" aria-selected=\"true\" data-tab=\"1\" role=\"tab\" tabindex=\"0\" aria-controls=\"e-n-tab-content-2181\" aria-expanded=\"false\">\t<span class=\"e-n-tab-icon\"><\/span>\t<span class=\"e-n-tab-title-text\">Y\u00f6netim Kurulu<\/span><\/div><div id=\"e-n-tabs-title-2182\" class=\"e-n-tab-title e-normal\" aria-selected=\"false\" data-tab=\"2\" role=\"tab\" tabindex=\"-1\" aria-controls=\"e-n-tab-content-2182\" aria-expanded=\"false\">\t<span class=\"e-n-tab-icon\"><\/span>\t<span class=\"e-n-tab-title-text\">Misyon & Vizyon<\/span><\/div><div id=\"e-n-tabs-title-2183\" class=\"e-n-tab-title e-normal\" aria-selected=\"false\" data-tab=\"3\" role=\"tab\" tabindex=\"-1\" aria-controls=\"e-n-tab-content-2183\" aria-expanded=\"false\">\t<span class=\"e-n-tab-icon\"><\/span>\t<span class=\"e-n-tab-title-text\">\u0130SG Politikam\u0131z<\/span><\/div><div id=\"e-n-tabs-title-2184\" class=\"e-n-tab-title e-normal\" aria-selected=\"false\" data-tab=\"4\" role=\"tab\" tabindex=\"-1\" aria-controls=\"e-n-tab-content-2184\" aria-expanded=\"false\">\t<span class=\"e-n-tab-icon\"><\/span>\t<span class=\"e-n-tab-title-text\">Bilgi Toplumu Hizmetleri<\/span><\/div><div id=\"e-n-tabs-title-2185\" class=\"e-n-tab-title e-normal\" aria-selected=\"false\" data-tab=\"5\" role=\"tab\" tabindex=\"-1\" aria-controls=\"e-n-tab-content-2185\" aria-expanded=\"false\">\t<span class=\"e-n-tab-icon\"><\/span>\t<span class=\"e-n-tab-title-text\">Ki\u015fisel Veri<\/span><\/div>\t\t\t<\/div>\n\t\t\t<div class=\"e-n-tabs-content\" role=\"tablist\" aria-orientation=\"vertical\">\n\t\t\t\t<div class=\"e-n-tab-title e-collapse\" aria-selected=\"true\" data-tab=\"1\" role=\"tab\" tabindex=\"0\" aria-controls=\"e-n-tab-content-2181\" aria-expanded=\"false\" id=\"e-n-tabs-title-2181-accordion\">\t<span class=\"e-n-tab-icon\"><\/span>\t<span class=\"e-n-tab-title-text\">Y\u00f6netim Kurulu<\/span><\/div><div data-particle_enable=\"false\" data-particle-mobile-disabled=\"false\" class=\"elementor-element elementor-element-41ee5e2 e-con-full e-flex e-con\" data-id=\"41ee5e2\" data-element_type=\"container\" data-settings=\"{&quot;content_width&quot;:&quot;full&quot;}\">\n\t\t\t\t<div class=\"elementor-element elementor-element-e83988a elementor-widget elementor-widget-image\" data-id=\"e83988a\" data-element_type=\"widget\" data-widget_type=\"image.default\">\n\t\t\t\t<div class=\"elementor-widget-container\">\n\t\t\t<style>\/*! elementor - v3.15.0 - 20-08-2023 *\/\n.elementor-widget-image{text-align:center}.elementor-widget-image a{display:inline-block}.elementor-widget-image a img[src$=\".svg\"]{width:48px}.elementor-widget-image img{vertical-align:middle;display:inline-block}<\/style>\t\t\t\t\t\t\t\t\t\t\t\t<img decoding=\"async\" width=\"822\" height=\"291\" src=\"https:\/\/adanaimarinsaat.com.tr\/wp-content\/uploads\/2023\/05\/baskan-1.png\" class=\"attachment-full size-full wp-image-1273\" alt=\"\" loading=\"lazy\" srcset=\"https:\/\/adanaimarinsaat.com.tr\/wp-content\/uploads\/2023\/05\/baskan-1.png 822w, https:\/\/adanaimarinsaat.com.tr\/wp-content\/uploads\/2023\/05\/baskan-1-300x106.png 300w, https:\/\/adanaimarinsaat.com.tr\/wp-content\/uploads\/2023\/05\/baskan-1-768x272.png 768w\" sizes=\"(max-width: 822px) 100vw, 822px\" \/>\t\t\t\t\t\t\t\t\t\t\t\t\t\t\t<\/div>\n\t\t\t\t<\/div>\n\t\t\t\t<div class=\"elementor-element elementor-element-9ecb4ff elementor-widget elementor-widget-heading\" data-id=\"9ecb4ff\" data-element_type=\"widget\" data-widget_type=\"heading.default\">\n\t\t\t\t<div class=\"elementor-widget-container\">\n\t\t\t<style>\/*! elementor - v3.15.0 - 20-08-2023 *\/\n.elementor-heading-title{padding:0;margin:0;line-height:1}.elementor-widget-heading .elementor-heading-title[class*=elementor-size-]>a{color:inherit;font-size:inherit;line-height:inherit}.elementor-widget-heading .elementor-heading-title.elementor-size-small{font-size:15px}.elementor-widget-heading .elementor-heading-title.elementor-size-medium{font-size:19px}.elementor-widget-heading .elementor-heading-title.elementor-size-large{font-size:29px}.elementor-widget-heading .elementor-heading-title.elementor-size-xl{font-size:39px}.elementor-widget-heading .elementor-heading-title.elementor-size-xxl{font-size:59px}<\/style><h2 class=\"elementor-heading-title elementor-size-default\">Y\u00f6netim Kurulumuz<\/h2>\t\t<\/div>\n\t\t\t\t<\/div>\n\t\t\t\t<\/div>\n\t\t<div class=\"e-n-tab-title e-collapse\" aria-selected=\"false\" data-tab=\"2\" role=\"tab\" tabindex=\"-1\" aria-controls=\"e-n-tab-content-2182\" aria-expanded=\"false\" id=\"e-n-tabs-title-2182-accordion\">\t<span class=\"e-n-tab-icon\"><\/span>\t<span class=\"e-n-tab-title-text\">Misyon & Vizyon<\/span><\/div><div data-particle_enable=\"false\" data-particle-mobile-disabled=\"false\" class=\"elementor-element elementor-element-7dc8450 e-con-full e-flex e-con\" data-id=\"7dc8450\" data-element_type=\"container\" data-settings=\"{&quot;content_width&quot;:&quot;full&quot;}\">\n\t\t\t\t<div class=\"elementor-element elementor-element-cbe2e50 elementor-widget elementor-widget-text-editor\" data-id=\"cbe2e50\" data-element_type=\"widget\" data-widget_type=\"text-editor.default\">\n\t\t\t\t<div class=\"elementor-widget-container\">\n\t\t\t<style>\/*! elementor - v3.15.0 - 20-08-2023 *\/\n.elementor-widget-text-editor.elementor-drop-cap-view-stacked .elementor-drop-cap{background-color:#69727d;color:#fff}.elementor-widget-text-editor.elementor-drop-cap-view-framed .elementor-drop-cap{color:#69727d;border:3px solid;background-color:transparent}.elementor-widget-text-editor:not(.elementor-drop-cap-view-default) .elementor-drop-cap{margin-top:8px}.elementor-widget-text-editor:not(.elementor-drop-cap-view-default) .elementor-drop-cap-letter{width:1em;height:1em}.elementor-widget-text-editor .elementor-drop-cap{float:left;text-align:center;line-height:1;font-size:50px}.elementor-widget-text-editor .elementor-drop-cap-letter{display:inline-block}<\/style>\t\t\t\t<p><span style=\"color: #ffffff;\"><strong>Vizyonumuz<\/strong><\/span><br \/><span style=\"color: #ffffff;\">\u00c7a\u011fda\u015f, g\u00fcvenilir, kaliteli i\u015f hacmini ve hizmet hedefini \u00e7e\u015fitlendiren; projeler \u00fcreten ve bu projeleri hayata ge\u00e7irirken hizmet sunumunda kaliteyi esas alan; dinamik, insan odakl\u0131, \u00f6ng\u00f6r\u00fcl\u00fc, ihtiya\u00e7lara duyarl\u0131 ve \u00e7evre bilincine sahip bir kurulu\u015f olmakt\u0131r.<\/span><\/p><p><span style=\"color: #ffffff;\"><strong>Misyonumuz<\/strong><\/span><br \/><span style=\"color: #ffffff;\">\u015eirketimiz, 1986 y\u0131l\u0131nda \u0130l \u00d6zel \u0130daresi ve Adana B\u00fcy\u00fck\u015fehir Belediyesi taraf\u0131ndan \u015fehrimizin imarl\u0131, sosyal ihtiya\u00e7lara cevap verebilen, normal ya\u015fam standartlar\u0131n\u0131 sa\u011flayan konut ve i\u015fyeri ihtiyac\u0131n\u0131n kar\u015f\u0131lanmas\u0131 amac\u0131yla kurulmu\u015ftur. Adana iline, ki\u015fi ve kurulu\u015flara y\u00f6nelik \u00e7arp\u0131k kentle\u015fmeyi \u00f6nleyici, halk\u0131n ya\u015fam kalitesini ve ilin refah d\u00fczeyini y\u00fckselterek, dar gelirlileri konut sahibi yapmak ve konut sekt\u00f6r\u00fcnde d\u00fczenleyici rol \u00fcstlenerek; Belediye veya kendi arsalar\u0131 \u00fczerine kat\u0131l\u0131mc\u0131l\u0131k, etkinlik, saydaml\u0131k, hesap verilebilirlik ilkeleri \u00e7er\u00e7evesinde, ba\u015fta imar plan\u0131na uygun, depreme dayan\u0131kl\u0131, sa\u011fl\u0131kl\u0131, ucuz belediye konutlar\u0131 ve i\u015f yerleri yaparak satmakt\u0131r.<\/span><\/p>\t\t\t\t\t\t<\/div>\n\t\t\t\t<\/div>\n\t\t\t\t<\/div>\n\t\t<div class=\"e-n-tab-title e-collapse\" aria-selected=\"false\" data-tab=\"3\" role=\"tab\" tabindex=\"-1\" aria-controls=\"e-n-tab-content-2183\" aria-expanded=\"false\" id=\"e-n-tabs-title-2183-accordion\">\t<span class=\"e-n-tab-icon\"><\/span>\t<span class=\"e-n-tab-title-text\">\u0130SG Politikam\u0131z<\/span><\/div><div data-particle_enable=\"false\" data-particle-mobile-disabled=\"false\" class=\"elementor-element elementor-element-cd727f3 e-con-full e-flex e-con\" data-id=\"cd727f3\" data-element_type=\"container\" data-settings=\"{&quot;content_width&quot;:&quot;full&quot;}\">\n\t\t\t\t<div class=\"elementor-element elementor-element-3dcfbe7 elementor-widget elementor-widget-text-editor\" data-id=\"3dcfbe7\" data-element_type=\"widget\" data-widget_type=\"text-editor.default\">\n\t\t\t\t<div class=\"elementor-widget-container\">\n\t\t\t\t\t\t\t<p><span style=\"color: #ffffff;\">Yeni Adana \u0130mar \u0130n\u015faat A.\u015e. ve \u00e7al\u0131\u015fanlar\u0131 olarak ulusal mevzuatlara uyar, sa\u011fl\u0131kl\u0131 ve g\u00fcvenli bir \u00e7al\u0131\u015fma ortam\u0131 i\u00e7erisinde s\u00fcrekli geli\u015fmeyi hedef al\u0131r\u0131z.<\/span><\/p><p><span style=\"color: #ffffff;\">Bu politika \u00e7er\u00e7evesinde;<\/span><\/p><p><span style=\"color: #ffffff;\">\u25ba \u0130\u015fyeri ve eklentilerinde; \u00e7al\u0131\u015fanlar\u0131n, alt y\u00fcklenicilerin, ziyaret\u00e7ilerin ve i\u015fyeri d\u0131\u015f\u0131nda \u00e7al\u0131\u015fan \u015firket personelimizin sa\u011fl\u0131k ve g\u00fcvenliklerini temin etmek i\u00e7in, y\u00fcr\u00fcrl\u00fckte bulunan \u0130SG mevzuatlar\u0131na ve \u0130SG ile ilgili di\u011fer gerekliliklere uygun olarak her t\u00fcrl\u00fc tedbiri almay\u0131, ara\u00e7 gere\u00e7 ve Ki\u015fisel Koruyucu Ekipmanlar\u0131 bulundurmay\u0131, gere\u011finde kullan\u0131lmas\u0131n\u0131 sa\u011flamay\u0131,<\/span><\/p><p><span style=\"color: #ffffff;\">\u25ba \u00c7al\u0131\u015fanlar\u0131m\u0131z\u0131 i\u015f sa\u011fl\u0131\u011f\u0131 ve g\u00fcvenli\u011fi alan\u0131nda e\u011fitmeyi ve iyi bir i\u015f sa\u011fl\u0131\u011f\u0131 ve g\u00fcvenli\u011fi bilincine eri\u015fmelerini sa\u011flamay\u0131,<\/span><\/p><p><span style=\"color: #ffffff;\">\u25ba \u0130\u015f sahalar\u0131m\u0131z\u0131n geli\u015fimini g\u00f6z \u00f6n\u00fcne alarak, gelecekte kar\u015f\u0131la\u015f\u0131labilecek olas\u0131 durumlar\u0131 bu g\u00fcnden tahmin etmeyi, s\u00fcrekli geli\u015fmeyi ve durumumuzu g\u00f6zden ge\u00e7irmeyi,<\/span><\/p><p><span style=\"color: #ffffff;\">\u25ba S\u0131f\u0131r i\u015f kazas\u0131 ve s\u0131f\u0131r meslek hastal\u0131\u011f\u0131 hedefini benimseyerek, gerekli \u00f6nlemleri almak suretiyle verimlili\u011fimizin art\u0131r\u0131lmas\u0131n\u0131,<\/span><\/p><p><span style=\"color: #ffffff;\">\u25ba \u0130\u015f sa\u011fl\u0131\u011f\u0131 ve g\u00fcvenli\u011fi uygulamalar\u0131 a\u00e7\u0131s\u0131ndan, ba\u011fl\u0131 bulunulan kurumlar, sanayi odalar\u0131 ve dernekler nezdinde \u00f6rnek bir \u015firket haline getirmeyi,<\/span><\/p><p><span style=\"color: #ffffff;\">\u25ba Bu do\u011frultuda kurulmu\u015f ve y\u00fcr\u00fct\u00fclmekte olan \u201c\u0130SG Y\u00f6netim Sistemimizin\u201d s\u00fcreklili\u011fini sa\u011flamay\u0131,<\/span><\/p><p><span style=\"color: #ffffff;\">\u0130SG politikam\u0131z olarak taahh\u00fct ederiz.<\/span><\/p>\t\t\t\t\t\t<\/div>\n\t\t\t\t<\/div>\n\t\t\t\t<\/div>\n\t\t<div class=\"e-n-tab-title e-collapse\" aria-selected=\"false\" data-tab=\"4\" role=\"tab\" tabindex=\"-1\" aria-controls=\"e-n-tab-content-2184\" aria-expanded=\"false\" id=\"e-n-tabs-title-2184-accordion\">\t<span class=\"e-n-tab-icon\"><\/span>\t<span class=\"e-n-tab-title-text\">Bilgi Toplumu Hizmetleri<\/span><\/div><div data-particle_enable=\"false\" data-particle-mobile-disabled=\"false\" class=\"elementor-element elementor-element-48b526a e-con-full e-flex e-con\" data-id=\"48b526a\" data-element_type=\"container\" data-settings=\"{&quot;content_width&quot;:&quot;full&quot;}\">\n\t\t\t\t<div class=\"elementor-element elementor-element-933c57c elementor-widget elementor-widget-text-editor\" data-id=\"933c57c\" data-element_type=\"widget\" data-widget_type=\"text-editor.default\">\n\t\t\t\t<div class=\"elementor-widget-container\">\n\t\t\t\t\t\t\t<p><span style=\"color: #ffffff;\">\u015e\u0130RKET<\/span><\/p><table width=\"653\"><thead><tr><td><span style=\"color: #ffffff;\"><strong>\u015ei<\/strong>rket T\u00fcr\u00fc<\/span><\/td><td><span style=\"color: #ffffff;\">ANON\u0130M \u015e\u0130RKET<\/span><\/td><\/tr><\/thead><tbody><tr><td><span style=\"color: #ffffff;\">Mersis<\/span><\/td><td><span style=\"color: #ffffff;\">0948004360500010<\/span><\/td><\/tr><tr><td><span style=\"color: #ffffff;\">Ticaret Sicil Memurlu\u011fu<\/span><\/td><td><span style=\"color: #ffffff;\">ADANA<\/span><\/td><\/tr><tr><td><span style=\"color: #ffffff;\">Ticaret Sicil Numaras\u0131<\/span><\/td><td><span style=\"color: #ffffff;\">19234<\/span><\/td><\/tr><tr><td><span style=\"color: #ffffff;\">Ticaret \u00dcnvan\u0131<\/span><\/td><td><span style=\"color: #ffffff;\">YEN\u0130 ADANA \u0130MAR \u0130N\u015eAAT T\u0130CARET A.\u015e.<\/span><\/td><\/tr><tr><td><span style=\"color: #ffffff;\">Adres<\/span><\/td><td><span style=\"color: #ffffff;\">BELED\u0130YE EVLER\u0130 MAH. 84298 SOKAK NO: 2\/1 01360 \u00c7UKUROVA\/ADANA<\/span><\/td><\/tr><tr><td><span style=\"color: #ffffff;\">\u0130leti\u015fim Bilgileri<\/span><\/td><td><span style=\"color: #ffffff;\">Tel: 444 1 307 &#8211; 881 00 13 Fax: (322) 239 29 32<\/span><\/td><\/tr><tr><td><span style=\"color: #ffffff;\">Taahh\u00fct Edilen Sermaye Miktar\u0131<\/span><\/td><td><span style=\"color: #ffffff;\">140.000,00 TL<\/span><\/td><\/tr><tr><td><span style=\"color: #ffffff;\">\u00d6denen Sermaye Miktar\u0131<\/span><\/td><td><span style=\"color: #ffffff;\">140.000,00 TL<\/span><\/td><\/tr><tr><td><span style=\"color: #ffffff;\">Tescil Tarihi<\/span><\/td><td><span style=\"color: #ffffff;\">29.04.1986<\/span><\/td><\/tr><tr><td><span style=\"color: #ffffff;\">Vergi Dairesi<\/span><\/td><td><span style=\"color: #ffffff;\">SEYHAN<\/span><\/td><\/tr><tr><td><span style=\"color: #ffffff;\">Vergi Numaras\u0131<\/span><\/td><td><span style=\"color: #ffffff;\">948 004 3605<\/span><\/td><\/tr><tr><td><span style=\"color: #ffffff;\">Sekt\u00f6r<\/span><\/td><td><span style=\"color: #ffffff;\">\u0130N\u015eAAT TAAHH\u00dcT , PERSONEL VE ARA\u00c7 \u00c7ALI\u015eTIRILMASI<\/span><\/td><\/tr><\/tbody><\/table>\t\t\t\t\t\t<\/div>\n\t\t\t\t<\/div>\n\t\t\t\t<\/div>\n\t\t<div class=\"e-n-tab-title e-collapse\" aria-selected=\"false\" data-tab=\"5\" role=\"tab\" tabindex=\"-1\" aria-controls=\"e-n-tab-content-2185\" aria-expanded=\"false\" id=\"e-n-tabs-title-2185-accordion\">\t<span class=\"e-n-tab-icon\"><\/span>\t<span class=\"e-n-tab-title-text\">Ki\u015fisel Veri<\/span><\/div><div data-particle_enable=\"false\" data-particle-mobile-disabled=\"false\" class=\"elementor-element elementor-element-01f350a e-con-full e-flex e-con\" data-id=\"01f350a\" data-element_type=\"container\" data-settings=\"{&quot;content_width&quot;:&quot;full&quot;}\">\n\t\t\t\t<div class=\"elementor-element elementor-element-59ff809 elementor-widget elementor-widget-button\" data-id=\"59ff809\" data-element_type=\"widget\" data-widget_type=\"button.default\">\n\t\t\t\t<div class=\"elementor-widget-container\">\n\t\t\t\t\t<div class=\"elementor-button-wrapper\">\n\t\t\t<a class=\"elementor-button elementor-button-link elementor-size-sm\" href=\"https:\/\/adanaimarinsaat.com.tr\/?page_id=904\">\n\t\t\t\t\t\t<span class=\"elementor-button-content-wrapper\">\n\t\t\t\t\t\t<span class=\"elementor-button-text\">Veri Sahibi Ba\u015fvuru Formu<\/span>\n\t\t<\/span>\n\t\t\t\t\t<\/a>\n\t\t<\/div>\n\t\t\t\t<\/div>\n\t\t\t\t<\/div>\n\t\t\t\t<\/div>\n\t\t\t\t\t<\/div>\n\t\t<\/div>\n\t\t\t\t<\/div>\n\t\t\t\t<\/div>\n\t\t\t\t<\/div>\n\t\t<div data-particle_enable=\"false\" data-particle-mobile-disabled=\"false\" class=\"elementor-element elementor-element-9de1f35 e-flex e-con-boxed e-con\" data-id=\"9de1f35\" data-element_type=\"container\" data-settings=\"{&quot;content_width&quot;:&quot;boxed&quot;}\">\n\t\t\t\t\t<div class=\"e-con-inner\">\n\t\t\t\t<div class=\"elementor-element elementor-element-c0a1488 elementor-widget elementor-widget-image\" data-id=\"c0a1488\" data-element_type=\"widget\" data-widget_type=\"image.default\">\n\t\t\t\t<div class=\"elementor-widget-container\">\n\t\t\t\t\t\t\t\t\t\t\t\t\t\t\t<img decoding=\"async\" width=\"1024\" height=\"622\" src=\"https:\/\/adanaimarinsaat.com.tr\/wp-content\/uploads\/2025\/02\/yonetim-1-2048x1243-1-1024x622.png\" class=\"attachment-large size-large wp-image-1973\" alt=\"\" loading=\"lazy\" srcset=\"https:\/\/adanaimarinsaat.com.tr\/wp-content\/uploads\/2025\/02\/yonetim-1-2048x1243-1-1024x622.png 1024w, https:\/\/adanaimarinsaat.com.tr\/wp-content\/uploads\/2025\/02\/yonetim-1-2048x1243-1-300x182.png 300w, https:\/\/adanaimarinsaat.com.tr\/wp-content\/uploads\/2025\/02\/yonetim-1-2048x1243-1-768x466.png 768w, https:\/\/adanaimarinsaat.com.tr\/wp-content\/uploads\/2025\/02\/yonetim-1-2048x1243-1-1536x932.png 1536w, https:\/\/adanaimarinsaat.com.tr\/wp-content\/uploads\/2025\/02\/yonetim-1-2048x1243-1.png 2048w\" sizes=\"(max-width: 1024px) 100vw, 1024px\" \/>\t\t\t\t\t\t\t\t\t\t\t\t\t\t\t<\/div>\n\t\t\t\t<\/div>\n\t\t\t\t\t<\/div>\n\t\t\t\t<\/div>\n\t\t<div data-particle_enable=\"false\" data-particle-mobile-disabled=\"false\" class=\"elementor-element elementor-element-352f7e6 e-flex e-con-boxed e-con\" data-id=\"352f7e6\" data-element_type=\"container\" data-settings=\"{&quot;content_width&quot;:&quot;boxed&quot;}\">\n\t\t\t\t\t<div class=\"e-con-inner\">\n\t\t\t\t\t<\/div>\n\t\t\t\t<\/div>\n\t\t\t\t\t\t\t<\/div>\n\t\t","protected":false},"excerpt":{"rendered":"<p>Y\u00f6netim Kurulu Misyon &#038; Vizyon \u0130SG Politikam\u0131z Bilgi Toplumu Hizmetleri Ki\u015fisel Veri Y\u00f6netim Kurulu Y\u00f6netim Kurulumuz Misyon &#038; Vizyon Vizyonumuz\u00c7a\u011fda\u015f, g\u00fcvenilir, kaliteli i\u015f hacmini ve hizmet hedefini \u00e7e\u015fitlendiren; projeler \u00fcreten ve bu projeleri hayata ge\u00e7irirken hizmet sunumunda kaliteyi esas alan; dinamik, insan odakl\u0131, \u00f6ng\u00f6r\u00fcl\u00fc, ihtiya\u00e7lara duyarl\u0131 ve \u00e7evre bilincine sahip bir kurulu\u015f olmakt\u0131r. Misyonumuz\u015eirketimiz, 1986 [&hellip;]<\/p>\n","protected":false},"author":1,"featured_media":0,"parent":0,"menu_order":0,"comment_status":"closed","ping_status":"closed","template":"","meta":{"_eb_attr":""},"_links":{"self":[{"href":"https:\/\/adanaimarinsaat.com.tr\/index.php?rest_route=\/wp\/v2\/pages\/832"}],"collection":[{"href":"https:\/\/adanaimarinsaat.com.tr\/index.php?rest_route=\/wp\/v2\/pages"}],"about":[{"href":"https:\/\/adanaimarinsaat.com.tr\/index.php?rest_route=\/wp\/v2\/types\/page"}],"author":[{"embeddable":true,"href":"https:\/\/adanaimarinsaat.com.tr\/index.php?rest_route=\/wp\/v2\/users\/1"}],"replies":[{"embeddable":true,"href":"https:\/\/adanaimarinsaat.com.tr\/index.php?rest_route=%2Fwp%2Fv2%2Fcomments&post=832"}],"version-history":[{"count":79,"href":"https:\/\/adanaimarinsaat.com.tr\/index.php?rest_route=\/wp\/v2\/pages\/832\/revisions"}],"predecessor-version":[{"id":1977,"href":"https:\/\/adanaimarinsaat.com.tr\/index.php?rest_route=\/wp\/v2\/pages\/832\/revisions\/1977"}],"wp:attachment":[{"href":"https:\/\/adanaimarinsaat.com.tr\/index.php?rest_route=%2Fwp%2Fv2%2Fmedia&parent=832"}],"curies":[{"name":"wp","href":"https:\/\/api.w.org\/{rel}","templated":true}]}}